3)/2)/(6/(-16)). Suppose -h*b = -12 - 28. What are the prime factors of b?
2, 5
Let w = -96 + 103. What are the prime factors of w?
7
Let j(v) = 28*v**2 - 7*v - 20. What are the prime factors of j(-3)?
11, 23
Let z(v) = -v**2 - v + 4. Let j = -2 - -2. Let s be z(j). Suppose 4 = -3*t + 4*c, s*t + 2*c - 28 = -c. List the prime factors of t.
2
Suppose -2*g + 118 = 4*s, -2*g - 4*s = s - 122. Suppose -13 = 4*w + g. List the prime factors of -2*1 + (-1 - w).
13
Let w = 32 + 63. Let l = -56 + w. List the prime factors of l.
3, 13
Let d = -139 + 192. What are the prime factors of d?
53
List the prime factors of (2/3)/((-8)/(-456)).
2, 19
Let x(j) = -j**2 - 16*j - 2. List the prime factors of x(-15).
13
Let s = -445 - -650. Suppose -6*j + s = -j. What are the prime factors of j?
41
Let p be (2/(-5))/(3/(-15)). Suppose p*h + 13 + 19 = 4*w, 4*w - 44 = 3*h. List the prime factors of (10/6)/((-2)/h).
2, 5
Let f = 391 - 225. What are the prime factors of f?
2, 83
Suppose c + 0*c + 5 = 0, 180 = 2*g - 2*c. What are the prime factors of g?
5, 17
Let f be 1/(-3) + (-16)/(-3). Let o(n) = -f - 4 + 3 - 5*n + n. List the prime factors of o(-5).
2, 7
Suppose 1 = 5*n - 3*z, -2*z = 2*n - 5*z + 5. Suppose 0 = -4*v + v + 9. Let w = n + v. List the prime factors of w.
5
Let o = 702 - 374. List the prime factors of o.
2, 41
Let z(j) be the third derivative of j**4/12 - j**3/2 - 3*j**2. What are the prime factors of z(4)?
5
Suppose 3*d = -2*y, 13 = d - 4*y - 1. Let o = -2 + d. Suppose 3*i = -2*f + 16, -4*i = -4*f - o*i + 32. What are the prime factors of f?
2
Let f(n) = 3*n**3 - 3*n**2 + 2*n + 1. What are the prime factors of f(3)?
61
Suppose 5*j - 629 = 506. What are the prime factors of j?
227
Let l(t) be the third derivative of t**4/24 + 3*t**2. Let b be l(1). List the prime factors of (35/20)/(b/8).
2, 7
What are the prime factors of 0 + 1757/9 + (-6)/27?
3, 5, 13
Suppose 0 = 5*u + 209 - 549. What are the prime factors of u?
2, 17
Let t be 56/(-10)*(-15)/2. Suppose 4*r - u = 39, -3*u = 2*r + u - t. List the prime factors of r.
11
What are the prime factors of (2/5)/(-5 + (-1203)/(-240))?
2
Let s(f) = -2*f - 9. Let i be s(-7). Let w be (-3)/5*(0 - i). Suppose 0 = m + w*m - 48. List the prime factors of m.
2, 3
Let q = 845 + -488. What are the prime factors of q?
3, 7, 17
Suppose -3 = 3*v + 3. Let x = 2 - v. Suppose x*g = 3*g + 15. What are the prime factors of g?
3, 5
Let a(b) = b**3 - 8*b**2 + 2*b + 11. What are the prime factors of a(8)?
3
Let d be 3 + 2 + -1 + 3. Let x(o) = 2*o - 6. Let y be x(d). What are the prime factors of (-10)/(-4)*1*y?
2, 5
Suppose 0*p = 2*p. Let b(n) = -n**2 - 12*n - 1. Let c be b(-12). List the prime factors of 1 - -1 - p/c.
2
Suppose 2*q - 5 = q. Suppose -6*n + 25 + 113 = 0. Suppose 0 = 3*g + 2*b - 37, q*b = -2*g + 2*b + n. List the prime factors of g.
13
Suppose -3*d = -0*d. Suppose 2*l - 124 = -4*b - d*l, -4*b + 2*l = -140. Suppose -4*c = -3*a + b, -11 - 22 = -3*a - 2*c. What are the prime factors of a?
11
What are the prime factors of -38*(-2 + (-4 - -5))?
2, 19
Suppose -5*y + 3*g - 19 = -3, 3*y + 3*g = 0. What are the prime factors of 1/2 - 49/y?
5
Let a be -5*(2 + (-14)/5). Suppose -5*y + 11*y = 198. Suppose -y - 7 = -a*p. List the prime factors of p.
2, 5
Let x be (3/(-3) - -2) + 1. Suppose -3*m + 26 = x. List the prime factors of m.
2
Let b(q) = q**3 + 4*q**2 - 7*q - 5. List the prime factors of b(-5).
5
Suppose -p - 360 = -5*y - 56, 0 = -3*p - 12. What are the prime factors of y?
2, 3, 5
Let v = -3 + 6. Suppose -u = v - 11. What are the prime factors of u?
2
Suppose 5*u - 187 = -3*d - 63, 0 = 2*d - 6. Suppose u = -z + 2*z. List the prime factors of z.
23
Let j be (-3)/(-1) - 27/3. Let s(b) = b**3 + 6*b**2 + 7. What are the prime factors of s(j)?
7
Suppose 0*j = 2*j - 40. Let p be (-2)/(-4)*1*j. Let x = p + 4. List the prime factors of x.
2, 7
Suppose 0 = -a - 4*a. Suppose -2*u + 32 = 3*k, 5*u = 3*k - a*k + 38. What are the prime factors of u?
2, 5
Suppose 0 = -5*w - 3*s - 5, 4*s + 7 = -2*w - 9. Suppose 6*o - w*o - 48 = 0. What are the prime factors of o?
2, 3
Suppose 5*w - z = 4*z + 30, 2*z = -2*w + 4. Suppose -w*o = -o - 45. List the prime factors of o.
3, 5
Suppose -4*r + 5*j + 10 = -3*r, 10 = -2*r - 5*j. Let k(f) = f**2 + 2. List the prime factors of k(r).
2
Let d(n) = -24*n + 4. List the prime factors of d(-2).
2, 13
Let l(t) = t**3 - 23*t**2 + 26*t - 14. List the prime factors of l(22).
2, 37
Let m = 111 + -27. List the prime factors of m.
2, 3, 7
Suppose 20 = 5*v - 0*v. Suppose -2*x + 5*x = 5*m - 21, 4*m - 3*x = 18. Suppose 2*h + v*p = 16, -3*p = -m*h - p + 40. What are the prime factors of h?
2, 3
Let x = 341 + -196. List the prime factors of x.
5, 29
What are the prime factors of (-4)/(1 + 25/(-23))?
2, 23
Let o = 9 + -6. Let s(z) be the second derivative of z**3/3 + 3*z**2/2 - z. List the prime factors of s(o).
3
Suppose -19 = 2*j - 59. List the prime factors of (-4)/j - (-423)/15.
2, 7
Let d(p) = -6*p**3 + 2*p**2 + 9*p + 5. Let w(i) = -i**3 + i + 1. Let h(v) = -d(v) + 5*w(v). Let k be h(4). Let f = k - 9. What are the prime factors of f?
7
Suppose -4 = 5*r - 29. Suppose -4*f + 95 = -21. Suppose 0 = -r*a + 11 + f. What are the prime factors of a?
2
Suppose 0 = -2*j + 4*a - 12, 3*j + 4*a - 7 + 45 = 0. What are the prime factors of 6/j - 126/(-10)?
2, 3
Suppose 78 = 3*p + r, 101 = 4*p - 5*r + 16. Suppose 4*o - p = -o. List the prime factors of o.
5
Let h(q) = q**2 - 8*q + 8. What are the prime factors of h(8)?
2
Suppose -7*b = -3*b + 8. Let v be -11 - -1 - (-1 + 4). List the prime factors of (b/1 - v) + 1.
2, 3
Let i = 10 - 9. Let l = i - -2. What are the prime factors of l?
3
Suppose 4*v = 4*i + 884, 7*v - 2*v = 2*i + 1114. List the prime factors of v.
2, 7
Let i(q) = -q**3 + 6*q**2 + q - 1. Let o be i(6). Let f = 4 - 7. Let h = f + o. What are the prime factors of h?
2
Let q(r) = -r**3 + 4*r**2 + 4*r - 5. Let j be q(5). List the prime factors of ((-6)/j)/(4/20).
3
Suppose -3*v + 4 + 14 = 0. List the prime factors of v.
2, 3
Let v be (-14 - -14)*(-2)/(-4). Suppose -22 + v = -2*n. What are the prime factors of n?
11
Suppose 2 - 18 = 4*q, -4*q - 15 = h. Let g = h - -4. What are the prime factors of g?
5
Suppose -12*u + 11*u + 25 = 0. What are the prime factors of u?
5
Suppose 3*g + 85 = 4*g. What are the prime factors of g?
5, 17
Suppose 0 = 5*o - 0*o - 15. Suppose 1 = o*j - 5. Suppose j*k - 5*k + 12 = 0. What are the prime factors of k?
2
Let g be (-1 - -7)*2/4. Let r be g + 0 + -1 - 11. What are the prime factors of (-2)/(((-4)/r)/(-2))?
3
Let x(t) = -3*t + 2*t + 5*t**2 + 4*t - 3 + t**3. List the prime factors of x(-3).
2, 3
Suppose 3*x - 98 = -11. List the prime factors of x.
29
Let a = 3 + -7. What are the prime factors of (9 + a)*(2 - 1)?
5
Let r(b) = 97*b**2 + 3*b - 2. List the prime factors of r(1).
2, 7
Let t(j) = -j**3 - 4*j**2 + 4*j - 6. Let m be t(-6). Suppose 0 = -2*g - m + 14. Let d = g + 25. What are the prime factors of d?
11
Let d(b) = b**3 - 7*b**2 - 10*b + b**3 - b**3 - 4 + 11*b. Let c be d(7). Let q(g) = -g**3 + 5*g**2 - 4*g + 1. List the prime factors of q(c).
7
Suppose 3*h + 1 = 3*k - 11, 0 = -2*k - 3*h + 23. Let l(i) = -8 + 7*i + 4*i**2 + k - 9 - 3*i**2. What are the prime factors of l(-9)?
2
Let l(p) = -2*p - 6. Let j be l(-7). Let f be 2 + j/(-2) + 19. Suppose 5*q + f - 57 = 0. What are the prime factors of q?
2
Let m be 6 + -2 + -3 - -23. Suppose -m - 6 = -2*l. List the prime factors of l.
3, 5
Suppose -5*k = -b - 3*k + 46, 4*b - 169 = 3*k. What are the prime factors of b?
2, 5
Let f = -1 + 41. Suppose -m + f = 3*m. List the prime factors of m.
2, 5
List the prime factors of 824/6 + (6/2)/(-9).
137
Suppose -2*b - 3*q + 221 = -8*q, 3*q - 15 = 0. What are the prime factors of b?
3, 41
Let g(u) = 3*u - 1. Let c be g(-1). Let w(a) = -a**2 - 6*a - 2. Let s be w(c). What are the prime factors of (-21)/(-2) - s/(-12)?
11
List the prime factors of 2365/10 - ((-6)/4)/3.
3, 79
Let x = 84 + 1. What are the prime factors of x?
5, 17
Suppose 2*l + 2*l = -32. Let d = l + 13. List the prime factors of d.
5
Suppose m - 4*m + 96 = 0. List the prime factors of m.
2
Suppose -i = -3*i + 96. Suppose -2*c = -i + 16. What are the prime factors of c?
2
Let h = -6 - -9. Let y = h - -3. List the prime factors of y.
2, 3
Le